{"id":2,"date":"2013-09-08T09:29:07","date_gmt":"2013-09-08T09:29:07","guid":{"rendered":"http:\/\/new.ahmetakgunduz.com\/?page_id=2"},"modified":"2025-06-19T14:38:10","modified_gmt":"2025-06-19T13:38:10","slug":"sample-page","status":"publish","type":"page","link":"https:\/\/ahmedakgunduz.com\/?page_id=2","title":{"rendered":"About"},"content":{"rendered":"<div class=\"container\">\n<h1>Prof. Dr. Ahmed Akg\u00fcnd\u00fcz<\/h1>\n<hr class=\"section-separator\" \/>\n<h2>General Information<\/h2>\n<table class=\"cv-table\">\n<thead>\n<tr>\n<th>Information<\/th>\n<th>Description<\/th>\n<\/tr>\n<\/thead>\n<tbody>\n<tr>\n<td data-label=\"Information\">University<\/td>\n<td data-label=\"Description\">The Islamic University of Rotterdam, The Faculty of Islamic Sciences, Bergsingel 135, 3037 GC, Rotterdam.<\/td>\n<\/tr>\n<tr>\n<td data-label=\"Information\">Email<\/td>\n<td data-label=\"Description\"><a href=\"mailto:akgunduz@iuasr.nl\">akgunduz@iuasr.nl<\/a><\/td>\n<\/tr>\n<tr>\n<td data-label=\"Information\">URL<\/td>\n<td data-label=\"Description\"><a href=\"http:\/\/www.ahmetakgunduz.com\/\">www.ahmetakgunduz.com<\/a><\/td>\n<\/tr>\n<tr>\n<td data-label=\"Information\">Phone<\/td>\n<td data-label=\"Description\">003110 485 47 21<\/td>\n<\/tr>\n<tr>\n<td data-label=\"Information\">\u00a0<\/td>\n<td data-label=\"Description\">\u00a0<\/td>\n<\/tr>\n<tr>\n<td data-label=\"Information\">Date of Birth<\/td>\n<td data-label=\"Description\">February 12, 1955<\/td>\n<\/tr>\n<tr>\n<td data-label=\"Information\">Place of Birth<\/td>\n<td data-label=\"Description\">Malkaya<\/td>\n<\/tr>\n<tr>\n<td data-label=\"Information\">Field of Education<\/td>\n<td data-label=\"Description\">Law, Islamic Law and The History of Turkish law<\/td>\n<\/tr>\n<tr>\n<td data-label=\"Information\">Thesis<\/td>\n<td data-label=\"Description\">The Institution of Wakf in Islamic Law and Ottoman Practice, Law School, Dicle University, Turkey<\/td>\n<\/tr>\n<tr>\n<td data-label=\"Information\">Thesis Date<\/td>\n<td data-label=\"Description\">1986<\/td>\n<\/tr>\n<tr>\n<td data-label=\"Information\">Thesis Title<\/td>\n<td data-label=\"Description\">The Institution of Wakf in Islamic Law and Ottoman Practice<\/td>\n<\/tr>\n<tr>\n<td data-label=\"Information\">Objective<\/td>\n<td data-label=\"Description\">Islamic Law, Turkish Law History; especially specialist at the Ottoman Legal System and Archives<\/td>\n<\/tr>\n<\/tbody>\n<\/table>\n<p>&#8212;<\/p>\n<h2>Education<\/h2>\n<table class=\"cv-table\">\n<thead>\n<tr>\n<th>Year<\/th>\n<th>Degree \/ University<\/th>\n<\/tr>\n<\/thead>\n<tbody>\n<tr>\n<td data-label=\"Year\">1980<\/td>\n<td data-label=\"Degree \/ University\">BA, College of Islamic Sciences, Ataturk University, Erzurum, Turkey.<\/td>\n<\/tr>\n<tr>\n<td data-label=\"Year\">1982<\/td>\n<td data-label=\"Degree \/ University\">JD, Law School, Istanbul University, Turkey.<\/td>\n<\/tr>\n<tr>\n<td data-label=\"Year\">1983<\/td>\n<td data-label=\"Degree \/ University\">L.L.M., Law History, Law School, Dicle University, Turkey<\/td>\n<\/tr>\n<tr>\n<td data-label=\"Year\">1986<\/td>\n<td data-label=\"Degree \/ University\">Ph.D., Law History. Dissertation: The Institution of Wakf in Islamic Law and Ottoman Practice, Law School, Dicle University, Turkey<\/td>\n<\/tr>\n<\/tbody>\n<\/table>\n<p>&#8212;<\/p>\n<h2>Career<\/h2>\n<table class=\"cv-table\">\n<thead>\n<tr>\n<th>Year<\/th>\n<th>Position \/ Description<\/th>\n<\/tr>\n<\/thead>\n<tbody>\n<tr>\n<td data-label=\"Year\">1982-86<\/td>\n<td data-label=\"Position \/ Description\">University of Dicle, School of Law, Turkey. Graduate Student and Teaching Assistant. To teach on Turkish Law History and its practice at Ottoman Empire.<\/td>\n<\/tr>\n<tr>\n<td data-label=\"Year\">1985<\/td>\n<td data-label=\"Position \/ Description\">University of Kuwait with research grant about Islamic Law and its practise at the Ottoman Empire; especially on pious foundations in the Ottoman Empire.<\/td>\n<\/tr>\n<tr>\n<td data-label=\"Year\">1985<\/td>\n<td data-label=\"Position \/ Description\">Tenure, Assoc. Professor<\/td>\n<\/tr>\n<tr>\n<td data-label=\"Year\">1986<\/td>\n<td data-label=\"Position \/ Description\">Tenor Full Professor. Ottoman Legal System and Islamic Law<\/td>\n<\/tr>\n<tr>\n<td data-label=\"Year\">1986-87<\/td>\n<td data-label=\"Position \/ Description\">University of Sel\u00e7uk, Konya Turkey, School of Law, Department of Ottoman Legal System, Islamic Law and H\u0131story of Law. Assistant Professor.<\/td>\n<\/tr>\n<tr>\n<td data-label=\"Year\">1986-88<\/td>\n<td data-label=\"Position \/ Description\">Expert Adviser at the Ottoman Archives (Prime Ministry, General Directory of State Archives) and Member Committee for teaching Ottoman Scriptures<\/td>\n<\/tr>\n<tr>\n<td data-label=\"Year\">1987-92<\/td>\n<td data-label=\"Position \/ Description\">Associate Professor with tenure, School of Law, Department of Ottoman Legal System, Islamic Law and History of Law.<\/td>\n<\/tr>\n<tr>\n<td data-label=\"Year\">1989<\/td>\n<td data-label=\"Position \/ Description\">Member of Advisory Board for Ottoman Archives.<\/td>\n<\/tr>\n<tr>\n<td data-label=\"Year\">1992<\/td>\n<td data-label=\"Position \/ Description\">Full Professor of Law History, Islamic Law and Ottoman Legal System at Dumlupinar Uni.<\/td>\n<\/tr>\n<tr>\n<td data-label=\"Year\">1993-96<\/td>\n<td data-label=\"Position \/ Description\">Dean of Faculty, Dumlupinar University, Turkey<\/td>\n<\/tr>\n<tr>\n<td data-label=\"Year\">1994-97<\/td>\n<td data-label=\"Position \/ Description\">Head of Foundation at the Foundation of Ottoman Researches in Istanbul.<\/td>\n<\/tr>\n<tr>\n<td data-label=\"Year\">1997-98<\/td>\n<td data-label=\"Position \/ Description\">Visiting Professor, Near Eastern Studies, Princeton University<\/td>\n<\/tr>\n<tr>\n<td data-label=\"Year\">2001-2024<\/td>\n<td data-label=\"Position \/ Description\">Rector, Islamic University of Rotterdam, Netherlands<\/td>\n<\/tr>\n<tr>\n<td data-label=\"Year\">2011<\/td>\n<td data-label=\"Position \/ Description\">Visiting Professor, Ahmad Ibrahim Kulliyah of Law, International University of Malaysia.<\/td>\n<\/tr>\n<\/tbody>\n<\/table>\n<p>&#8212;<\/p>\n<h2>Academic Activities and Publications<\/h2>\n<h3>English Books<\/h3>\n<ul>\n<li><span class=\"book-list-item\"><strong><em>Studies in Islamic Economics<\/em><\/strong><\/span>, Edited by Ahmed Akgunduz, (Rotterdam: IUR Press 2009)<\/li>\n<li><span class=\"book-list-item\"><strong><em>Introduction to Islamic Law<\/em><\/strong><\/span>, (Rotterdam: IUR Press 2010), Hardcover, 406 pp.<\/li>\n<li><span class=\"book-list-item\"><strong><em>Ottoman History &#8211; Misperceptions and Truths<\/em><\/strong><\/span>, by Ahmed Akgunduz and Said Ozturk, (Rotterdam: IUR Press 2011), Hardcover, 694 pp.<\/li>\n<li><span class=\"book-list-item\"><strong><em>Islamic Public Law<\/em><\/strong><\/span>, (Rotterdam: IUR Press 2011), Hardcover, 734 pp.<\/li>\n<li><em>I<strong><em>slamic<\/em> Private Law<\/strong><\/em>, (Rotterdam: IUR Press 2017), Hardcover, 1000pp.<\/li>\n<li><em><span class=\"book-list-item\"><strong>The Terms of Risala-i Nur Collection<\/strong><\/span><\/em>, Rotterdam: IUR Press, 2023<\/li>\n<li><em><span class=\"book-list-item\"><strong>The Letters<\/strong><\/span><\/em>, Rotterdam: IUR Press, 2023<\/li>\n<li><em><span class=\"book-list-item\"><strong>The Words<\/strong><\/span><\/em>, Rotterdam: IUR Press, 2024<\/li>\n<li><em><span class=\"book-list-item\"><strong>The Flashes<\/strong><\/span><\/em>, Rotterdam: IUR Press, 2024<\/li>\n<li><em><span class=\"book-list-item\"><strong>The Rays<\/strong><\/span><\/em>, Rotterdam: IUR Press, 2024<\/li>\n<\/ul>\n<h3>Turkish Books<\/h3>\n<ul>\n<li><span class=\"book-list-item\"><strong><em>Osmanl\u0131 Kanunn\u00e2meleri Ve Hukuk\u00ee Tahlilleri<\/em><\/strong><\/span> (Ottoman Legal Codes and Legislative Analysis), vols. I-IX, Istanbul:OSAV, 1989-1996.<\/li>\n<li><span class=\"book-list-item\"><strong><em>\u0130slam ve Osmanl\u0131 Hukuku K\u00fclliyat\u0131<\/em><\/strong><\/span>, vol. I. <em>Kamu Hukuku (Anayasa-\u0130dare-Ceza-Usul-Vergi-Devletler Umumi),<\/em> \u0130stanbul 2011, Osmanl\u0131 Ara\u015ft\u0131rmalar\u0131 Vakf\u0131.<\/li>\n<li><span class=\"book-list-item\"><strong><em>\u0130slam ve Osmanl\u0131 Hukuku K\u00fclliyat\u0131<\/em><\/strong><\/span>, vol. II. <em>\u00d6zel Hukuk (\u015eahs\u0131n Hukuku-Aile Hukuku),<\/em> \u0130stanbul 2012, Osmanl\u0131 Ara\u015ft\u0131rmalar\u0131 Vakf\u0131\u00e7<\/li>\n<li><span class=\"book-list-item\"><strong><em>\u0130slam ve Osmanl\u0131 Hukuku K\u00fclliyat\u0131<\/em><\/strong><\/span>, vol. I. <em>\u00d6zel Hukuk (Miras-Bor\u00e7lar-E\u015fya-Ticaret-Devletler Hususi),<\/em> \u0130stanbul 2012, Osmanl\u0131 Ara\u015ft\u0131rmalar\u0131 Vakf\u0131.<\/li>\n<li><span class=\"book-list-item\"><strong><em>Ar\u015fiv Belgeleri I\u015f\u0131\u011f\u0131nda Divan-\u0131 Muhasebat&#8217;dan Say\u0131\u015ftay&#8217;a<\/em><\/strong><\/span>, \u0130stanbul 2012, Osmanl\u0131 Ara\u015ft\u0131rmalar\u0131 Vakf\u0131.<\/li>\n<li><span class=\"book-list-item\"><strong><em>Tabular Yikiliyor<\/em><\/strong><\/span> (The Taboos are Being Ruined), vol. I-IV, Istanbul 1996, Foundation of Ottoman Research.<\/li>\n<li><span class=\"book-list-item\"><strong><em>Belgeler Ger\u00e7ekleri Konusuyor<\/em><\/strong><\/span> (The Documents of Ottoman Archives are declaring Trues), vol. i-v, Istanbul, Foundation of Ottoman Research.<\/li>\n<li><span class=\"book-list-item\"><strong><em>Turk Hukuk Tarihi<\/em><\/strong><\/span> (Turkish Law History with Ottoman Practise), with Prof. Halil Cin, vol. i-ii, Selcuk University School Law Press, 1989.<\/li>\n<li><span class=\"book-list-item\"><strong><em>Mukayeseli Islam Ve Osmanli Hukuku Kulliyati<\/em><\/strong><\/span> (Corpus Juris of Islamic and Ottoman Law Comparativly), Diyarbakir, 1986 School Law Press.<\/li>\n<li><span class=\"book-list-item\"><strong><em>Islam Hukukunda Ve Osmanli Tatbikatinda Vakif Muessesesi<\/em><\/strong><\/span> (The Pious Foundation and Ottoman Practise), Ankara 1988, Turkish History Association.<\/li>\n<li><span class=\"book-list-item\"><strong><em>\u015eer\u2018iye Sicilleri<\/em><\/strong><\/span> (Religious Court Records in the Ottoman Empire), vol. i-ii, Istanbul 1989, Foundation of Researchs of Turkish World.<\/li>\n<li><span class=\"book-list-item\"><strong><em>Guneydogu Meselesi Ve \u00c7\u00f6z\u00fcm Yollari<\/em><\/strong><\/span> (Kurdish Problem and Its Ways of Solution in the light of Ottoman Archives), Istanbul 1994, Foundation of Ottoman Research.<\/li>\n<li><span class=\"book-list-item\"><strong><em>Islamda Insan Haklari Beyannamesi<\/em><\/strong><\/span> (Declaration of Human Rights in Islam and Ottoman Practise), Istanbul 1991, TIMAS Press.<\/li>\n<li><span class=\"book-list-item\"><strong><em>Eski Anayasa Hukukumuz ve Islam Anayasasi<\/em><\/strong><\/span> (Old Turkish Contitutional Law and Islamic Constitution), Istanbul 1992, Foundation of Ottoman Research.<\/li>\n<li><span class=\"book-list-item\"><strong><em>Ar\u015fiv Belgeleri Isiginda Tarsus Tarihi Ve Ashab-i Kehf<\/em><\/strong><\/span> (The History of Tarsus and Seven Sleepers=Eshab-i Kehf in the light of documets of Ottoman Archives), Istanbul 1995.<\/li>\n<li><span class=\"book-list-item\"><strong><em>Arsiv Belgeleri Isiginda Somuncu Baba Ve Neseb-i Alisi<\/em><\/strong><\/span> (The Saint Somuncu Baba and His High Generation in the lights of Documents of Ottoman Archives), Istanbul 1995.<\/li>\n<li><span class=\"book-list-item\"><strong><em>Islam Hukukunda Kolelik Cariyelik Muessesesi Ve Osmanlida Harem<\/em><\/strong><\/span> (Male and Female Slavery in Islam and the Ottoman Harem), Istanbul 1995, Foundation of Ottoman Research.<\/li>\n<li><span class=\"book-list-item\"><strong><em>Umumi Hukuk Tarihi<\/em><\/strong><\/span> (General Law History, The Text Book), Konya School Law Press, 1991.<\/li>\n<li><span class=\"book-list-item\"><strong><em>Ar\u015fiv Belgeleri I\u015f\u0131\u011f\u0131nda Suleyman Hilmi Tunahan Efendi<\/em><\/strong><\/span> (The Saint Suleyman Hilmi Tunahan in the lights of Ottoman Documents), Istanbul 1997, Foundation of Ottoman Research.<\/li>\n<li><span class=\"book-list-item\"><strong><em>Bilinmeyen Osmanli<\/em><\/strong><\/span>, OSAV, \u0130stanbul 1999 (with Dr. Sait Ozturk).<\/li>\n<li><span class=\"book-list-item\"><strong><em>Darende Tarihi<\/em><\/strong><\/span>, Istanbul 2002. (with Dr. Sait Ozturk and Yasar Ba\u015f).<\/li>\n<li><span class=\"book-list-item\"><strong><em>Darende Temettuat Defterleri<\/em><\/strong><\/span>, Istanbul I-II, 2002 (with Dr. Sait Ozturk).<\/li>\n<li><span class=\"book-list-item\"><strong><em>\u00dc\u00e7 Devirde Bir Mabed; Ayasofya<\/em><\/strong><\/span>, Istanbul 2005 (with Dr. Sait Ozturk and Yasar Ba\u015f).<\/li>\n<li><span class=\"book-list-item\"><strong><em>Kiliseden Muzeye Ayasofya Camii<\/em><\/strong><\/span>, Istanbul 2006 (with Dr. Sait Ozturk and Yasar Ba\u015f).<\/li>\n<li><span class=\"book-list-item\"><strong><em>Ermeni Meselesi<\/em><\/strong><\/span>, Istanbul:OSAV, 2007 (with Dr. Sait Ozturk).<\/li>\n<li><span class=\"book-list-item\"><strong><em>\u00c7andan Minareye Buyuk Itiraf<\/em><\/strong><\/span>, Hayat Yayinlari, Istanbul 2009.<\/li>\n<li><span class=\"book-list-item\"><strong><em>Bilinmeyen Bir Dahi Bediuzzaman Said Nursi<\/em><\/strong><\/span>, Hayat Yayinlari, Istanbul 2010.<\/li>\n<li><span class=\"book-list-item\"><strong><em>Osmanli Devleti\u2019nde Gayr-i Muslimlerin Yonetimi<\/em><\/strong><\/span>, 2008 Istanbul Timas Yayinlari.<\/li>\n<li><span class=\"book-list-item\"><strong><em>Her Y\u00f6n\u00fcyle Harem<\/em><\/strong><\/span>, 2008 Istanbul Timas Yayinlari, 2009.<\/li>\n<li><span class=\"book-list-item\"><strong><em>Islam ve Osmanli \u00c7evre Hukuku<\/em><\/strong><\/span>, OSAV, Istanbul, 2009, 293pp.<\/li>\n<li><em><span class=\"book-list-item\"><strong>Ar\u015fiv Belgeleri I\u015f\u0131\u011f\u0131nda Bedi\u00fczzaman Said Nursi ve \u0130lmi \u015eahsiyeti I<\/strong><\/span>,<\/em> OSAV, \u0130stanbul, 2013<\/li>\n<li><span class=\"book-list-item\"><strong><em>Ar\u015fiv Belgeleri I\u015f\u0131\u011f\u0131nda Bedi\u00fczzaman Said Nursi ve \u0130lmi \u015eahsiyeti II<\/em><\/strong><\/span>, OSAV, \u0130stanbul, 2014<\/li>\n<li><span class=\"book-list-item\"><strong><em>Ar\u015fiv Belgeleri I\u015f\u0131\u011f\u0131nda Bedi\u00fczzaman Said Nursi ve \u0130lmi \u015eahsiyeti III<\/em><\/strong><\/span>, OSAV, \u0130stanbul, 2015<\/li>\n<li><em><span class=\"book-list-item\"><strong>Ar\u015fiv Belgeleri I\u015f\u0131\u011f\u0131nda Bedi\u00fczzaman Said Nursi ve \u0130lmi \u015eahsiyeti IV<\/strong><\/span><\/em>, OSAV, \u0130stanbul, 2015<\/li>\n<li><em><span class=\"book-list-item\"><strong>Ar\u015fiv Belgeleri I\u015f\u0131\u011f\u0131nda Bedi\u00fczzaman Said Nursi ve \u0130lmi \u015eahsiyeti V<\/strong><\/span><\/em>, OSAV, \u0130stanbul, 2016<\/li>\n<li><em><span class=\"book-list-item\"><strong>Ar\u015fiv Belgeleri I\u015f\u0131\u011f\u0131nda Bedi\u00fczzaman Said Nursi ve \u0130lmi \u015eahsiyeti VI<\/strong><\/span><\/em>, OSAV, \u0130stanbul, 2016<\/li>\n<li><span class=\"book-list-item\"><strong><em>Bed\u00ee\u00fczzaman&#8217;\u0131n ilm\u00ee \u015fahsiyeti, (UL\u00dbM-I \u00c2L\u0130YE=\u00c2LET \u0130L\u0130MLER\u0130) Cilt 1<\/em>, <\/strong>OSAV, \u0130stanbul, 2017<\/span><\/li>\n<li><span class=\"book-list-item\"><strong><em>Ar\u015fiv Belgeleri I\u015f\u0131\u011f\u0131nda Bab-\u0131 Ali den \u0130stanbul Valili\u011fine<\/em><\/strong><\/span>, \u0130stanbul Valili\u011fi, \u0130stanbul, 2013<\/li>\n<li><span class=\"book-list-item\"><strong><em>Kar\u015f\u0131la\u015ft\u0131rmal\u0131 Mecelle-i Ahkam-\u0131 Adliye<\/em><\/strong><\/span>, OSAV, \u0130stanbul, 2013<\/li>\n<li><span class=\"book-list-item\"><strong><em>Ar\u015fiv Belgeleri I\u015f\u0131\u011f\u0131nda Dahiliye Nezareti Tarihi<\/em><\/strong><\/span>, \u0130\u00e7 \u0130\u015fleri Bakanl\u0131\u011f\u0131, Ankara, 2015<\/li>\n<li><em><span class=\"book-list-item\"><strong>Bedi\u00fczzaman\u2019In \u015fiddetle kar\u015f\u0131 \u00e7\u0131kt\u0131\u011f\u0131 iki hareket: k\u00fcrdistan te\u2019\u00e2li cemiyeti ve \u015feyh said h\u00e2disesi<\/strong><\/span><\/em>, OSAV, Istanbul, 2017<\/li>\n<li><em><span class=\"book-list-item\"><strong>Ar\u015fiv belgeleri \u0131\u015f\u0131\u011f\u0131nda sultan ikinci Abd\u00fclhamid ve Bedi\u00fczzaman<\/strong><\/span><\/em>, OSAV, Istanbul, 2017<\/li>\n<li><em><span class=\"book-list-item\"><strong>\u015eeyh\u00fc\u2019L\u2010Isl\u00e2m eb\u00fcssu\u02bb\u00fbd efendi fetv\u00e2lar\u0131<\/strong><\/span><\/em>, OSAV, Istanbul, 2018<\/li>\n<li><em><span class=\"book-list-item\"><strong>Osmanl\u0131 tarih ve hukuk \u0131st\u0131l\u00e2hlar\u0131 k\u00e2m\u00fbsu<\/strong><\/span><\/em>, OSAV, Istanbul, 2018<\/li>\n<li><em><strong>Tal\u00eek\u00e2t<\/strong><\/em>, OSAV, Istanbul, 2019<\/li>\n<li><em><strong>K\u0131z\u0131l \u00cec\u00e2z<\/strong><\/em>, OSAV, Istanbul, 2019<\/li>\n<li><em><strong>Ris\u00e2le-\u0130 Nur\u2019a \u0130tirazlar Ve Cevaplari<\/strong><\/em>, OSAV, Istanbul, 2019<\/li>\n<li><em><span class=\"book-list-item\"><strong>\u0130\u015f\u00e2r\u00ee tefsir ve cifir ilmi \u0131\u015f\u0131\u011f\u0131nda s\u0131rr-\u0131 inn\u00e2 a&#8217;tayn\u00e2, rumuz\u00e2t-\u0131 sem\u00e2niye, m\u00e2\u2019idet\u2019\u00fcl- kur\u2019an<\/strong><\/span><\/em>, OSAV, Istanbul 2020<\/li>\n<li><em><span class=\"book-list-item\"><strong>Ayasofya: el hakaiq bi&#8217;l vesaiq<\/strong><\/span><\/em>, OSAV, Istanbul, 2020<\/li>\n<li><em><strong>Risale-\u0130 Nur K\u00fclliyatindan Misallerle Mantik, M\u00fcn\u00e2zara Ve Cedel \u0130limleri<\/strong><\/em>, OSAV, Istanbul, 2020<\/li>\n<li><em><span class=\"book-list-item\"><strong>Talikat<\/strong><\/span><\/em>, OSAV, Istanbul, 2021<\/li>\n<li><em><span class=\"book-list-item\"><strong>El kavan\u00een el Osmaniyye<\/strong><\/span><\/em>, OSAV, Istanbul, 2021<\/li>\n<li><em><span class=\"book-list-item\"><strong>Mecelle<\/strong><\/span><\/em>, OSAV, Istanbul, 2022<\/li>\n<li><em><span class=\"book-list-item\"><strong>Risale-i nur k\u00fclliyat\u0131ndan misallerle sarf, nahiv ve belagat ilimleri<\/strong><\/span><\/em>, OSAV, Istanbul, 2022<\/li>\n<li><em><span class=\"book-list-item\"><strong>\u0130slam Hukukuna Giri\u015f<\/strong><\/span><\/em>, OSAV, 2022<\/li>\n<li><em><span class=\"book-list-item\"><strong>\u0130slam Ozel Hukuku<\/strong><\/span><\/em>, OSAV, 2022<\/li>\n<li><em><span class=\"book-list-item\"><strong>\u0130sl\u00e2m Kamu Hukuku<\/strong><\/span><\/em>, OSAV, 2023<\/li>\n<li><em><span class=\"book-list-item\"><strong>Babam\u0131z Molla Cuma&#8217;dan hayat dersleri<\/strong><\/span><\/em>, OSAV, 2023<\/li>\n<li><em><span class=\"book-list-item\"><strong>Ris\u00e2le-i n\u00fbr \u0131st\u0131l\u00e2hlar\u0131 Kamusu<\/strong><\/span><\/em>, OSAV, 2024<\/li>\n<li><em><span class=\"book-list-item\"><strong>Muh\u00e2kem\u00e2t<\/strong><\/span><\/em>, OSAV, 2025<\/li>\n<li><em><span class=\"book-list-item\"><strong>Risale-i nur k\u00fclliyat\u0131ndan S\u00f6zler<\/strong><\/span><\/em>, OSAV, 2025<\/li>\n<li><em><span class=\"book-list-item\"><strong>Risale-i nur k\u00fclliyat\u0131ndan Lemalar<\/strong><\/span><\/em>, OSAV, 2025<\/li>\n<li><em><span class=\"book-list-item\"><strong>Risale-i nur k\u00fclliyat\u0131ndan \u0130\u015farat\u00fc&#8217;l-i&#8217;caz fi mezanni&#8217;l-icaz<\/strong><\/span><\/em>, OSAV, 2025<\/li>\n<li><em><span class=\"book-list-item\"><strong>Risale-i nur k\u00fclliyat\u0131ndan \u015eualar<\/strong><\/span><\/em>, OSAV, 2025<\/li>\n<\/ul>\n<h3>Arabic Books<\/h3>\n<ul>\n<li><span class=\"book-list-item\"><strong><em>\u0627\u0644\u062f\u0648\u0644\u0629 \u0627\u0644\u0639\u062b\u0645\u0627\u0646\u064a\u0629 \u0627\u0644\u0645\u062c\u0647\u0648\u0644 Al-Dawlah al Othmaniyyah al-Majhulah<\/em><\/strong><\/span>, 2008 Istanbul OSAV, 792 pp.<\/li>\n<li><span class=\"book-list-item\"><strong><em>At-Tashri al-Daribi ind al-Othmaniyyin<\/em><\/strong><\/span> (Ottoman Taxation and Legislation), Amman, 2004 (Trans. Fadil Bayat) Jordan University.<\/li>\n<li><span class=\"book-list-item\"><strong><em>El-Vesaiq Tantuq Bil Haqaiq<\/em><\/strong><\/span>, OSAV, \u0130stanbul, 2014<\/li>\n<li><span class=\"book-list-item\"><strong><span class=\"s1\"><em>Majallah Al-Ahkam Al-\u2018Adliyah<\/em><\/span><\/strong><\/span>, OSAV, Istanbul, 2022<\/li>\n<li><em><span class=\"book-list-item\"><strong>Conquest of Istanbul and Converting the Hagia Sophia to Mosque<\/strong><\/span><\/em>, 2020, Istanbul OSAV, 169pp<\/li>\n<li><em><span class=\"book-list-item\"><strong>\u0627\u0644\u0642\u0648\u0627\u0646\u064a\u0646 \u0627\u0644\u0639\u062b\u0645\u0627\u0646\u064a\u0629 &#8211; Osmanli Kanunnameleri (Arabic)<\/strong><\/span><\/em>, Istanbul, OSAV<\/li>\n<li><em><span class=\"book-list-item\"><strong>\u0627\u0644\u062a\u0639\u0644\u064a\u0642\u0627\u062a, Talikat (Arabic)<\/strong><\/span><\/em>, Istanbul, OSAV<\/li>\n<\/ul>\n<h3>Dutch Books<\/h3>\n<ul>\n<li><span class=\"book-list-item\"><strong><em>Inleiding tot het Islamitisch Recht<\/em><\/strong><\/span>, Rotterdam: IUR Press 2011, Hardcover, 470 pp. Prijs 30 Euro plus post kost. ISBN 978-90-817264-1-2.<\/li>\n<li><span class=\"book-list-item\"><em><span class=\"s1\"><strong>Islamitische Publiekrecht<\/strong><\/span><\/em><\/span>, Rotterdam, IUR Press 2017, Hardcover, 782pp<\/li>\n<li><em><span class=\"book-list-item\"><strong>Islamitsche Privaatrecht<\/strong><\/span><\/em>, Rotterdam, IUR Press 2022, Hardcover, 1000pp<\/li>\n<li><em><span class=\"book-list-item\"><strong>Ottomaanse Geschiedenis \u2013 Misvattingen en Waarheden<\/strong><\/span><\/em>, Rotterdam, IUR Press, 2023, 691pp<\/li>\n<\/ul>\n<h3>Refereed Journal Articles and Research Papers in Books (English)<\/h3>\n<ul>\n<li><span class=\"book-list-item\"><strong>Haji Baktash al-Wali, the Baktashiyyah and the Ottoman Janissary Corps<\/strong><\/span>, <em>Sufi Illuminations, A Journal Devoted to the Study of Islam &amp; Sufism<\/em>, Vol. 4, No. 1, Spring 2008, pp. 57-67.<\/li>\n<li><span class=\"book-list-item\"><strong>The Values and Norms of Islam<\/strong><\/span>, <em>The Journal of Rotterdam Islamic and Social Sciences<\/em>, Vol. 1, No. 1, 2010, p. 9-32.<\/li>\n<li><span class=\"book-list-item\"><strong>Said Nursis Sicht uber die Ung\u00e4ubigen und seine Methoden beim Aufruf zum Glauben<\/strong><\/span>, III. <em>Bonner Said Nursi Symposion: Gl\u00e4ubige B\u00fcrger in der pluralen Gesellschaft &#8211; Muslime im Dialog<\/em> (Hrsg. v. \u00dclker, R\u00fcstem \/ Aries, Wolf D), 2008.<\/li>\n<li><span class=\"book-list-item\"><strong>The IUR; an Academic Bridge between Islamic and Western Civilization<\/strong><\/span>, Book , <em>Theologie im Plural<\/em> &#8211; Hamburg University 2008.<\/li>\n<li><span class=\"book-list-item\"><strong>Shari&#8217;ah Courts and Shari&#8217;ah Records: The Application of Islamic Law in the Ottoman State<\/strong><\/span>, <em>Islamic Law and Society<\/em>, Volume 16, Number 2, 2009, 202-230.<\/li>\n<li><span class=\"book-list-item\"><strong>A Position on the Islamic Concept of Citizenship and Muslim Minorities<\/strong><\/span>, <em>Islam and Civilisational Renewal (ICR)<\/em>, Volume 1, Issue 1, October 2009.<\/li>\n<li><span class=\"book-list-item\"><strong>The Reasons for Rise and Decline of Ottoman State<\/strong><\/span>, <em>Journal of Islam in Asia<\/em>, Malaisia. Kuala Lumpur: December 2009<\/li>\n<li><span class=\"book-list-item\"><strong>Cleanliness is half of religion: Ecology and responsibility in Islamic history<\/strong><\/span>, Book, <em>Different Cultures, One World, Dialogue between Christians and Muslims about globalizing technology<\/em>, (Eds. Henk Jochemsen and Jan van der Stoep), Amsterdam, 2010, pp. 75-86.<\/li>\n<li><span class=\"book-list-item\"><strong>The Ottoman Waqf Administration in the 19th and early-20th century: Continuities and Discontinuities<\/strong><\/span>, <em>Acta Orientalia Scientiarum Hungry, Volume (I), 99-115 (2011).<\/em><\/li>\n<li><span class=\"book-list-item\"><strong>Sa\u2018id Nursi\u2019s Approach to the Principles of Reasoning Vis-\u00e0-vis Analogical Inductive Reasoning (Pendirian Pemikiran Said Nursi berhubung Pemikran Analogis Induktif)<\/strong><\/span>, <i>Journal of Islam in Asia<\/i>, Vol. 8, No. 1, June 2011, pp. 158-179.<\/li>\n<li><span class=\"book-list-item\"><strong>Migration and Inter-Generational Conflict &#8211; Barriers and Opportunities for the Intergration of the Second and Subsequent Generations of Muslims &#8211; Political Pre-Conditions and Social Environment<\/strong><\/span>, Wolfgang Benedek and Kamel G. Mahmud<em>, Der Islam in \u00d6stereich und in Europa, <\/em>(Graz: Universitat Graz, 2011), pp. 131-42<\/li>\n<li><span class=\"book-list-item\"><strong>The Revelation in Works of Bediuzzaman<\/strong><\/span>, <em>Syposium over Said Nursi en Klaas Schilder<\/em>, (Rotterdam: Islamitisch Vereiniging Cemaat-un Nur and Gereformeerde Kerken in Nederland, 2008), pp. 62-77.<\/li>\n<li><span class=\"book-list-item\"><strong>Legal Developments in the Ottoman State (1299-1926)<\/strong><\/span>, in &#8220;<em>Ottoman Connections to the Malay World, Islam, Law and Society&#8221;, <\/em>edited by Saim Kayadibi, (Kuala Lumpur: The Other Press (TOP), 2011), pp. 85-113<\/li>\n<\/ul>\n<\/div>\n\n\n<p><\/p>\n","protected":false},"excerpt":{"rendered":"<p>Prof. Dr. Ahmed Akg\u00fcnd\u00fcz General Information Information Description University The Islamic University of Rotterdam, The Faculty of Islamic Sciences, Bergsingel 135, 3037 GC, Rotterdam. Email akgunduz@iuasr.nl URL www.ahmetakgunduz.com Phone 003110 485 47 21 \u00a0 \u00a0 Date of Birth February 12, 1955 Place of Birth Malkaya Field of Education Law, Islamic\u2026<\/p>\n<p> <a class=\"continue-reading-link\" href=\"https:\/\/ahmedakgunduz.com\/?page_id=2\"><span>Continue reading<\/span><i class=\"crycon-right-dir\"><\/i><\/a> <\/p>\n","protected":false},"author":2,"featured_media":0,"parent":0,"menu_order":0,"comment_status":"closed","ping_status":"open","template":"","meta":{"footnotes":""},"class_list":["post-2","page","type-page","status-publish","hentry"],"_links":{"self":[{"href":"https:\/\/ahmedakgunduz.com\/index.php?rest_route=\/wp\/v2\/pages\/2","targetHints":{"allow":["GET"]}}],"collection":[{"href":"https:\/\/ahmedakgunduz.com\/index.php?rest_route=\/wp\/v2\/pages"}],"about":[{"href":"https:\/\/ahmedakgunduz.com\/index.php?rest_route=\/wp\/v2\/types\/page"}],"author":[{"embeddable":true,"href":"https:\/\/ahmedakgunduz.com\/index.php?rest_route=\/wp\/v2\/users\/2"}],"replies":[{"embeddable":true,"href":"https:\/\/ahmedakgunduz.com\/index.php?rest_route=%2Fwp%2Fv2%2Fcomments&post=2"}],"version-history":[{"count":63,"href":"https:\/\/ahmedakgunduz.com\/index.php?rest_route=\/wp\/v2\/pages\/2\/revisions"}],"predecessor-version":[{"id":519,"href":"https:\/\/ahmedakgunduz.com\/index.php?rest_route=\/wp\/v2\/pages\/2\/revisions\/519"}],"wp:attachment":[{"href":"https:\/\/ahmedakgunduz.com\/index.php?rest_route=%2Fwp%2Fv2%2Fmedia&parent=2"}],"curies":[{"name":"wp","href":"https:\/\/api.w.org\/{rel}","templated":true}]}}